
5, 673
Suppose 0 = 9*h + 2*h - 1210. What are the prime factors of h?
2, 5, 11
List the prime factors of (-90)/27*6/4 - -4177.
2, 7, 149
Let z = 22 - 17. Suppose z*f = -3*t - t + 180, 0 = -2*f + t + 85. What are the prime factors of f?
2, 5
Let r(p) = -3*p + 3. Let h = -3 - -6. Let i be r(h). Let j(g) = g**3 + 9*g**2 + 11*g - 3. What are the prime factors of j(i)?
3, 13
Suppose 0 = -5*m - 21 - 49. Let g = -10 - m. Let a = g - -36. What are the prime factors of a?
2, 5
Let z(x) = -x**3 - x**2 + x - 2. Let j be z(-2). Suppose -v - v = j. Suppose 5*i - 5 - 140 = v. List the prime factors of i.
29
Let g = -738 + 1697. Suppose -3*j - 4*j = -g. List the prime factors of j.
137
Let b(p) = 7*p**2 - 13*p - 40. What are the prime factors of b(-4)?
2, 31
Let p(m) = -90*m. Let o be p(1). Let z = o - -128. What are the prime factors of z?
2, 19
Let c(v) = -v**3 - 12*v**2 + 18*v + 11. Let s be c(-13). Let p(a) = 2*a**2 - 4*a + 7. Let j be p(7). Let l = s + j. What are the prime factors of l?
23
Let a(o) = o**2 - 4*o - 4. Let u be a(5). Let j = 6 + u. Suppose -4*p = -j*p + 57. List the prime factors of p.
19
Suppose -45 = -2*v + 3*h + 28, 0 = 2*v - 5*h - 83. Suppose -p + 2*g + v = 0, p - 167 = -4*p - g. Suppose 4*a - p = a. List the prime factors of a.
11
Let h = 203 - -434. Let a = 917 - h. List the prime factors of a.
2, 5, 7
Suppose -4*j = -4*z + 2824, -6*j + 1397 = 2*z - 3*j. What are the prime factors of z?
19, 37
Let t be ((-10)/5)/((-2)/(-3)). Let b(a) = -2*a - 1. Let p be b(t). Suppose -p*y + 8*y - 81 = 0. List the prime factors of y.
3
Suppose 0 = w + 2*w - 15. Suppose -24 = -w*d + 1. Let n = d + 15. What are the prime factors of n?
2, 5
What are the prime factors of 1/(-3 - 0)*-3*861?
3, 7, 41
Suppose -5*z + 6 = -3*u + 50, -z + 56 = 3*u. Suppose -2*q = -90 + u. Suppose q = 3*o - 0*o. List the prime factors of o.
2, 3
Let q(j) = -2*j**3 + 2*j**2 + 7*j + 55. List the prime factors of q(-5).
2, 5
Let v = -725 - -1435. List the prime factors of v.
2, 5, 71
Let v = 1304 - 839. What are the prime factors of v?
3, 5, 31
Suppose -20615 = -5*q + 3*n, -24*q - 2*n = -25*q + 4130. List the prime factors of q.
2, 5, 103
Let h = -73 - -57. What are the prime factors of 6*(12/(-4))/(6/h)?
2, 3
List the prime factors of (-2257)/(-11) - (-4)/(-22).
5, 41
Let p be (-5)/(-1)*6/15. Let d be -4 + (p + -1 - 3). Let c = 31 + d. What are the prime factors of c?
5
Suppose -5*o + 951 = -1344. List the prime factors of o.
3, 17
List the prime factors of 11966/17 - 106/(-901).
2, 11
Let b = 1949 + 1834. What are the prime factors of b?
3, 13, 97
Let c(m) = -m**2 - 7*m - 10. Let v be c(-5). Suppose v*x + 6 = 3*x. Suppose -x*u + 2 = -6. What are the prime factors of u?
2
Suppose -u + 2*w - w + 6 = 0, -2*u - 5*w = 9. Let i(x) = 13 + 0*x - 5 - 9 + 3*x. What are the prime factors of i(u)?
2
Let i(n) = -34*n**2 + 4*n - 3. Let r be i(1). List the prime factors of (-7815)/r - 2/(-11).
3, 79
Let u = -239 + 374. Suppose 0 = -y + 47 + u. What are the prime factors of y?
2, 7, 13
Let o(u) = -20*u + 407. List the prime factors of o(13).
3, 7
Let z(t) = t + 12. Let a be z(-5). Suppose -i - 42 = -a. List the prime factors of 228/14 + 10/i.
2
Let z = 30 - -848. What are the prime factors of z?
2, 439
Suppose -4*t - 5*z + 62 = -3*t, 4*t = -2*z + 266. Let c = t + -57. List the prime factors of c.
2, 5
Let g be (-5248)/(-36) - 2/(-9). Suppose -g = -3*i + 1. Suppose -2*k - 15 = -i. List the prime factors of k.
17
Let o = 921 - -310. What are the prime factors of o?
1231
Let l(h) = 2*h - 6. Let a be l(6). Let u(m) = 2*m - 5. What are the prime factors of u(a)?
7
Let v = 7 - 3. Suppose -4*w = -a + 23, -v*a = -0*a - 3*w - 27. Suppose -a*k - 2*d + 34 = -0*d, -3*d - 40 = -2*k. What are the prime factors of k?
2, 7
Suppose 5*m - 6*r + 3*r = 313, -3*m - r = -185. Let v = m - -4. What are the prime factors of v?
2, 3, 11
Let m = -589 + 893. List the prime factors of m.
2, 19
Let n(p) = p**2 - 15*p + 4. Let y = -61 + 56. List the prime factors of n(y).
2, 13
Suppose 122 = 4*x - 5*x. Let c = x - -217. What are the prime factors of c?
5, 19
Suppose -5*k = 4*f - 33, -4*f = -2*k - 2*k - 60. Let o be f/5*10/3. Let x = o - 6. What are the prime factors of x?
2
Let x(u) be the third derivative of 61*u**4/24 - 5*u**3/6 + 21*u**2. What are the prime factors of x(2)?
3, 13
Let j(l) = 10*l + 133. List the prime factors of j(11).
3
Let j(a) = a**3 - 49*a**2 - 48*a + 39. What are the prime factors of j(51)?
3, 7, 19
Let r = 65 - -55. Suppose -2*j + 2*p = j - 172, 0 = 2*j - 4*p - r. List the prime factors of j.
2, 7
Let v(h) be the second derivative of 43*h**5/10 + h**4/12 - 5*h. List the prime factors of v(1).
3, 29
What are the prime factors of 49/(-7) + (6 - -1654)?
3, 19, 29
Let n(j) = -3 + 32*j - 33*j + 14. Let v be n(11). Suppose -4*k = -v*k - 132. List the prime factors of k.
3, 11
Let c(k) be the second derivative of k**4/12 + k**3/2 - k**2 - 3*k. Let i be c(-3). What are the prime factors of (-15)/i*30/9?
5
Let q(k) = 4*k + 207. Let o be q(0). Let s = -89 + o. What are the prime factors of s?
2, 59
Suppose -2582 = -6*b + 5356. What are the prime factors of b?
3, 7
Let f = -17 - -31. Let j = f + -15. List the prime factors of (13*-1)/(j + 0).
13
Let t(n) = n**2 + 10*n + 6. Let k be t(-8). Let v = k - -9. List the prime factors of (v/(-2))/((-1)/(-6)).
3
Suppose -4*a - 5 + 13 = -3*n, -2*a - 2 = -3*n. Let d(p) = -79*p - 3*p**3 + 6*p**2 + 2*p**3 + 2 + 80*p. What are the prime factors of d(a)?
2
Let s = 8438 + -3454. What are the prime factors of s?
2, 7, 89
Suppose -2*c + 0*c = -2. Suppose -r + 5 = c. List the prime factors of (33/4)/(1/r).
3, 11
Let k = -7 + 3. Let r = k + 22. Suppose r*z - 66 = 16*z. List the prime factors of z.
3, 11
Let n(s) = -60*s + 725. What are the prime factors of n(-35)?
5, 113
Let h = -314 - -370. List the prime factors of h.
2, 7
Let d(r) = 197*r - 24. What are the prime factors of d(6)?
2, 3, 193
Let u(k) = 5*k**2 + 30*k - 35*k + 5*k**2 - 6*k**2 - 9. Let h be u(6). Suppose 0 = -2*t + 4*c + 102 + 12, -2*t + c = -h. What are the prime factors of t?
3, 17
Let n(x) = -4*x**3 + 2*x**2 + 18*x + 18. What are the prime factors of n(-5)?
2, 239
Suppose 3*o = 4*f + 3319, 0 = -103*o + 104*o + f - 1097. List the prime factors of o.
3, 367
Suppose -3*l - 5*d + 22 = 0, 0 = -4*d - 6 + 26. List the prime factors of (62*25/(-10))/l.
5, 31
Let h(m) = m**2 + m - 24. Let p be h(7). Suppose -p = 2*x - 124. What are the prime factors of x?
2, 23
Let s = -1382 - -2525. What are the prime factors of s?
3, 127
Suppose -3*d + 5*b + 28 = 0, -3*b = -5*d + 14 + 22. What are the prime factors of (177 - -1)*d/12?
89
Suppose -3*d - 4*z = -7508, -4*d = -z - 2210 - 7769. List the prime factors of d.
2, 3, 13
Let c(w) = 88*w**2 + 11*w + 25. List the prime factors of c(-5).
2, 5, 7, 31
Suppose -3*u = 2*u + 4*q - 23, 4*q - 16 = -4*u. Suppose -3 - u = 2*g. List the prime factors of g/20 + 57/4.
2, 7
Suppose -x = -6*o + o + 112, -3*o = -x - 68. Let s be o/10 - (-1)/(-5). Suppose 2*f - 38 = -2*j - j, -s*j = -3*f - 8. List the prime factors of j.
2, 5
Let q(z) = -z**2 + 5*z. Let c be q(5). Suppose c = m - 37 - 205. Suppose -5*v + m = 27. What are the prime factors of v?
43
Suppose -3*x = -4*k - 4119, -10*x - 2*k = -5*x - 6839. List the prime factors of x.
37
Let i(g) = 4*g**2 - 11*g - 4. Let d(f) = -3*f**2 + 10*f + 4. Let j(z) = 3*d(z) + 2*i(z). What are the prime factors of j(7)?
11
Let q(z) = z**2 + 5*z - 4. Let j be q(-5). What are the prime factors of (j + 916)/6 + 4?
2, 3, 13
Suppose -2*d + 5*d + 3*z = 63, 83 = 4*d + 3*z. Suppose -6*m = -m - d. Suppose 0*g + m*g - 112 = 0. List the prime factors of g.
2, 7
Suppose -35*a + 66041 - 12456 = 0. List the prime factors of a.
1531
Let a = 16 + -14. Suppose a*y + 3*d - 1 = -11, 0 = 3*y + 4*d + 13. Suppose 0 = q - y - 1. What are the prime factors of q?
2
Let d be 716/(-14) + 18/126. Let t be 85 - (1 - 2)*-2. Let l = t + d. What are the prime factors of l?
2
Let c(r) = 2*r**2 - 11*r + 12. Let u(y) be the third derivative of -y**4/6 + 3*y**2. Let x be u(-2). List the prime factors of c(x).
2, 13
Suppose 0 = 8*u - 973 - 315. List the prime factors of u.
7, 23
Let n(q) = 4*q**2 - 6*q - 5. Let u(d) = -d**3 - d**2 + d + 5. Let w be u(0). Let r be w/(-20) - 44/16. List the prim